 -4*q + 2*h - 38. Let x(r) = -4*r + 5. Let o(k) = 4*k - 3 - 6*k + 4*k + 1. Let z(t) = q*o(t) - 4*x(t). Calculate z(-6).
10
Suppose -1017 = 31*y + 1773. Let v be (21/(-9))/(105/y). Let k(q) = q - 3. Let f(m) = 2. Let a(t) = -6*f(t) - 5*k(t). Give a(v).
-7
Let y(s) = 5*s + 137. Let t(v) = -6*v - 135. Let d(m) = 6*t(m) + 5*y(m). Give d(-16).
51
Suppose -4*y - v - 10 = 0, -3*y + 5*v + 37 - 10 = 0. Let p(f) = -8*f**3 + 3*f**2 + f. What is p(y)?
10
Suppose -g - 1 + 2 = 0. Suppose -2*a + 3*t = 4*t - 10, -2 = -t. Let f(m) = -11*m**3 + 5*m**2 - a*m + 5*m + 12*m**3 - 6*m**2. Give f(g).
1
Let b(z) be the first derivative of -z**3/3 - 4*z**2 - 2*z - 2. Let a = -120 - -20. Let k be 40/a + 66/(-10). Determine b(k).
5
Let u(w) = 2*w + 4. Let n(y) = -y - 3. Suppose -5*c + 8*c = 6. Let r(k) = c*u(k) + 3*n(k). Determine r(-3).
-4
Let x(g) = -11*g - 99. Let y(o) = -13*o - 106. Let u(p) = -7*x(p) + 6*y(p). What is u(33)?
24
Let f(z) be the first derivative of -z**2 - 8*z + 25. Let u(y) = -y**2 + 5*y + 7. Let n be u(5). Suppose -n - 11 = -3*t. Calculate f(t).
-20
Suppose -1587*j = -1553*j - 374. Let z(s) = -s**3 + 10*s**2 + 9*s - 10. Determine z(j).
-32
Suppose -5*q + 0*q = 30. Let v(m) be the third derivative of -5/24*m**4 + 2*m**2 - 1/60*m**5 + 0 + 40*m + 2/3*m**3. Give v(q).
-2
Let b be 152/(-114)*(-3)/(-2). Let i(r) = 7*r**3 - 8*r**2 - 3*r + 20. Let m(o) = 20*o**3 - 22*o**2 - 8*o + 57. Let g(d) = 17*i(d) - 6*m(d). What is g(b)?
-4
Let o(k) be the first derivative of 2*k**2 - 15*k - 28. Let a be o(8). Let f(c) = c + 12 - 44 + a + 11. What is f(8)?
4
Let q(r) be the third derivative of r**4/6 + 17*r**3/6 + 2*r**2 + 455. What is q(-7)?
-11
Let z(q) = -2*q**3 + 7*q**2 + 13*q + 5. Let r(t) = -148*t - 5*t**3 + 22*t**2 + 98*t + 16 + 89*t. Let y(d) = -3*r(d) + 8*z(d). Determine y(-8).
-32
Let y(n) = -n**3 + 10*n**2 + 10*n + 16. Let c be 7/((-98)/(-161)) + (-4)/8. Calculate y(c).
5
Let l(t) = 29*t + 98. Let s(j) = 14*j + 2. Let n(p) = -l(p) + 3*s(p). Give n(7).
-1
Let j(x) = -3*x + 1. Let u = 73 - 53. Suppose 13*o = u*o. Let g be 4 + -2*(o + -1). Determine j(g).
-17
Let m(j) = -j**2 + 5*j + 8. Let i = -38 - -44. Let x be m(i). Let d(t) = 0*t**x - 6 - t**2 - 1 - 5*t - 3*t. What is d(-7)?
0
Let w = -109 + 117. Let d = 3 + 0. Let f(p) = 4*p**2 + 10*p**d - 11*p**3 + 5*p + 2 - w. What is f(4)?
14
Let i(z) be the first derivative of -35*z**2/2 - 253*z + 12162. Give i(-7).
-8
Let v(p) = -p**2 + 11*p + 5. Let z = -39 - -54. Let b(w) = w - 11. Let j be b(z). Let x(q) = 2*q**2 + 2*q - 29. Let y be x(j). Calculate v(y).
5
Let q(y) = 3*y - 2*y + 57 - 2*y - 26. Let g be q(26). Let b(v) = 15 - 3 - 5*v - 5 - g. Give b(2).
-8
Let i(y) be the third derivative of 1/3*y**4 + 0 - 22*y**2 + 1/720*y**6 + 0*y**3 - 17/120*y**5 + 0*y. Let t(s) be the second derivative of i(s). Give t(0).
-17
Let f = -79 + 54. Let r = 28 + f. Let j(p) be the first derivative of p**4/4 - 2*p**3/3 - 2*p**2 + p - 17. Give j(r).
-2
Let w(d) = -d**2 - 9*d - 7. Let r be (-230)/80 + 1/(-8) + 7. Suppose r*o - 27*o = 115. Calculate w(o).
13
Let n(b) = 3*b - 19. Let r(i) = 3*i + 33. Let f = -635 - -627. Let a be r(f). What is n(a)?
8
Let i(d) = d + 1. Let t(g) = -3*g - 15. Let m(z) = -2*i(z) + t(z). Let h be m(-2). Let u(l) = l**3 + 8*l**2 + 7*l - 7. Determine u(h).
-7
Let g be 0 + 1/(-2) + 176/32. Suppose g = -c, -78*m + 5*c + 13 = -81*m. Let x(d) be the first derivative of d**4/4 - d**3 - d**2/2 - 5*d - 1. What is x(m)?
7
Let x(f) = -2*f**2 - 34*f + 4. Let k(w) = w**2 + 21*w - 2. Let t(m) = 5*k(m) + 3*x(m). Suppose 0 = 4*h + 4*b - 12, -h - 14 = -3*h + 2*b. Give t(h).
-8
Let y be 2/(-12) - 51370/(-132). Let n = -386 + y. Let i(p) = p**2 - p - 6. What is i(n)?
0
Suppose 2*z + 24 = -4*j, -5*z = -9 + 29. Let p(i) = -2*i**2 - 21*i - 6. Let l(q) = -4*q**2 - 50*q - 13. Let f(v) = 2*l(v) - 5*p(v). What is f(j)?
16
Let q(f) = -f**3 - 10*f**2 - 12*f + 9. Suppose -n - 2071 = 3*v, -10*n + 3449 = -5*v - 13*n. Let y = v + 682. What is q(y)?
36
Suppose 44*l = -3*l - 94. Let m be (-2)/8 + (-18)/(-8). Let h(k) = -2 - 5*k - m + 0 + 6. Determine h(l).
12
Let c(z) be the second derivative of z**4/6 + z**3/6 - 3*z**2 - z + 257. Calculate c(6).
72
Let i(g) = g**3 + 3*g**2 - 6*g - 5. Let s(n) be the first derivative of -5*n - 3*n**2 + 1/4*n**4 + 22 + n**3. Let z(y) = 4*i(y) - 5*s(y). What is z(-4)?
-3
Suppose q + 0*p = 4*p + 7, p - 2 = -q. Let l(z) = 2 + z - 3*z + 0*z**2 + z**2 - 2*z. Determine l(q).
-1
Let x(i) = 2*i**2 - i - 2. Suppose -39*m = -49*m + 30. Let j(n) = 3*n**2 - n - 3. Let v(b) = m*j(b) - 4*x(b). Give v(3).
11
Let n(p) = -5*p**3 + 10*p**2 - 14*p - 21. Let r(w) = 16*w**3 - 30*w**2 + 42*w + 66. Let b(f) = 19*n(f) + 6*r(f). Determine b(-11).
30
Let s(k) = 160*k + 4. Let i(w) = 33*w - 1. Let h(z) = -15*i(z) + 3*s(z). Determine h(2).
-3
Let o(t) = -t**3 + 8*t**2 - 9*t + 10. Let r = 53 + -50. Let g(k) = -4*k + 15. Let j be g(r). Let a be (28/(-6))/(j*8/(-36)). Give o(a).
-4
Let u(h) = -5*h**2 + 16*h - 9. Let d(x) = 14*x**2 - 48*x + 26. Let t(i) = -4*d(i) - 11*u(i). Let p = -308 + 323. Determine t(p).
10
Suppose 0 = 41*q - 10*q + 60*q - 455. Let n(i) = -2*i**2 + 3*i - 24. What is n(q)?
-59
Let z(f) be the third derivative of -f**5/30 - 29*f**4/24 - 8*f**3/3 + 1439*f**2. Determine z(-14).
-2
Let a(s) = -s**2 + 26*s - 140. Let w be a(17). Let m(o) = -w + 3*o**2 - 6*o - 2*o**2 + 8 + 9 + 7. Give m(5).
6
Let p(i) = -2*i**2 + 5*i + 2. Suppose -5*a - 23 = -3*b, 0 = -5*a + b - 4*b - 17. Let y(f) = -f. Let k(s) = a*y(s) - p(s). Give k(2).
4
Suppose 1167*o = -1207*o + 2401*o + 297. Let k(p) = -10*p - 125. Give k(o).
-15
Suppose 8 = 2*m + 6. Suppose -5*h + 6*h - m = 0. Let c(k) be the first derivative of -k**2/2 + 102. Give c(h).
-1
Suppose 31*z = 676 - 707. Let n(o) = -2*o**2 - 1 + 14*o**2 - 2*o**2. Calculate n(z).
9
Let v = -264 - -282. Let m(b) = b**2 - b + v - 33 + 2*b. Calculate m(0).
-15
Let h(v) = 4 - v**2 + 6 - v - 5 + 4 - 3. Suppose -4*g = -2*g + 16. Let x = -8 - g. Determine h(x).
6
Let d = -150 + 154. Suppose 52 = 4*y + d*h, 2*h = 4*y - 14 - 26. Let v(f) = -2*f + 27. Determine v(y).
5
Let w(y) = -y**3 - 14*y**2 - 26*y - 14. Suppose 0 = j - 2*d + 22, 2*j + 26 = -2513*d + 2514*d. Give w(j).
-154
Let v(c) be the third derivative of -c**6/60 - 7*c**5/60 + c**4/6 - 2*c**3/3 + 30*c**2 - 16*c. Give v(-4).
-4
Suppose -2*k - 6 = 3*g, 5*g + 3 = 4*k - 7. Let o(p) = -3*p**2 - p - 1. Determine o(k).
-1
Let d = -6 + 9. Let c be (3 - (0/(-1) + d))/1. Suppose c = -v + 3*v - v. Let f(h) = -h**3 - h**2 + h + 5. Give f(v).
5
Suppose 2*u = 6*w + 60, 0 = -49*w + 48*w + 3*u - 10. Let r(a) = a**3 + 12*a**2 + 24*a + 45. Give r(w).
5
Let q be (33/77)/(1/(-7)) - 1. Let m(o) = -2*o - 6. What is m(q)?
2
Let k(d) = 25*d + 29. Let t(o) = -8*o - 9. Let b(a) = 4*k(a) + 13*t(a). Determine b(-6).
23
Let o(v) = -v**3 - 7*v**2 + 8*v + 4. Let b(y) = -14*y + 31*y - 3*y**2 - 3*y + 16 + 7*y. Let z be b(8). Give o(z).
4
Let d(u) = u**2 + 3*u. Let o be 7 + (-3 - (10 - 13)) + -4. What is d(o)?
18
Let b(j) = 6 - 40*j - 3*j**2 + 14*j - j**3 + 31*j. Suppose -2*g - 52 = -6*g. Suppose 0 = -3*f - 4*w - 12, 3*f + 5*w - 1 + g = 0. Calculate b(f).
2
Let h(z) = 9*z**2 - 3*z - 1. Let f(y) = -17*y**2 - 7*y + 9. Let v(o) = -f(o) - 2*h(o). Give v(5).
33
Let l(s) = -s**3 + s**2 + 18*s + 10. Let q be (-162)/(-81)*(-6)/4. Give l(q).
-8
Let r(o) = -2*o**2 - o + 2. Let m = -210 + 210. Suppose -2485*l + 2482*l - 6 = m. Calculate r(l).
-4
Let h be 10/3*(-1 + (-35)/(-14)). Suppose -8*q + 65 = h*q. Let b(u) = -u + 4 - 4 + 6 - 2. Determine b(q).
-1
Let b(l) = 4*l + 36. Suppose 25*x - 18*x - 168 = 0. Suppose 0 = -4*o - 2*t - 32, -3*o - 3*t = -0 + x. Let a be b(o). Let k(p) = -p**2 + 3*p - 6. Give k(a).
-10
Let c = -99 - 69. Let u = -170 - c. Let p(t) = 5*t**2 - 3*t - 2. What is p(u)?
24
Suppose -65*s - 645 = 218 + 502. Let i(h) = -h**2 - 21*h + 1. Calculate i(s).
1
Let p(t) = -t**2 - 10*t - 1. Let o be 8 + -1 - 2538/141. Give p(o).
-12
Let p(g) = 3*g**3 - 2*g**2 - 3*g - 2. Let s(r) = -4*r**3 + 5*r**2 + 2*r. Let q(c) = 3*p(c) + 2*s(c). Let v = 8 - 13. What is q(v)?
-6
Let o = -2983 + 2993. Let z(v) be the first derivative of -v**2/2 + 7*v - 10. Give z(o).
-3
Let i(s) be the second derivative of s**5/20 - s**3/6 - 11*s**2/2 - s. Let t = -33587 - -33587. Give i(t).
-11
Let n(m) = 6*m**3 - m**2 - 2*